{"id":96,"date":"2023-06-04T20:24:02","date_gmt":"2023-06-04T23:24:02","guid":{"rendered":"https:\/\/imperiodacultura.com.br\/?post_type=product&#038;p=96"},"modified":"2023-08-20T19:12:04","modified_gmt":"2023-08-20T22:12:04","slug":"contos-poesias-e-reflexoes","status":"publish","type":"product","link":"https:\/\/imperiodacultura.com.br\/?product=contos-poesias-e-reflexoes","title":{"rendered":"Contos Poesias e Reflex\u00f5es"},"content":{"rendered":"<p><strong>Contos, Poesias e Reflex\u00f5es<\/strong>\u00a0\u00e9 um valioso\u00a0livro de poesias e auto-ajuda pois cont\u00e9m um grande e refinado conte\u00fado de contos, poesias e reflex\u00f5es.<img fetchpriority=\"high\" decoding=\"async\" class=\"alignnone size-medium wp-image-97\" src=\"http:\/\/imperiodacultura-com-br.preview-domain.com\/wp-content\/uploads\/2023\/06\/contos_poesias_e_reflex_es_base-250x300.jpg\" alt=\"\" width=\"250\" height=\"300\" srcset=\"https:\/\/imperiodacultura.com.br\/wp-content\/uploads\/2023\/06\/contos_poesias_e_reflex_es_base-250x300.jpg 250w, https:\/\/imperiodacultura.com.br\/wp-content\/uploads\/2023\/06\/contos_poesias_e_reflex_es_base-300x360.jpg 300w, https:\/\/imperiodacultura.com.br\/wp-content\/uploads\/2023\/06\/contos_poesias_e_reflex_es_base.jpg 500w\" sizes=\"(max-width: 250px) 100vw, 250px\" \/><\/p>\n","protected":false},"excerpt":{"rendered":"<p>Contos, Poesias e Reflex\u00f5es\u00a0\u00e9 um valioso\u00a0livro de poesias e auto-ajuda pois cont\u00e9m um grande e refinado conte\u00fado de contos, poesias e reflex\u00f5es.<\/p>\n","protected":false},"featured_media":97,"comment_status":"open","ping_status":"closed","template":"","meta":[],"pwb-brand":[],"product_brand":[],"product_cat":[72],"product_tag":[55,54,53,52,44],"class_list":{"0":"post-96","1":"product","2":"type-product","3":"status-publish","4":"has-post-thumbnail","6":"product_cat-auto-ajuda","7":"product_tag-auto-ajuda","8":"product_tag-contos","9":"product_tag-coracao","10":"product_tag-poesias","11":"product_tag-reflexoes","13":"first","14":"instock","15":"shipping-taxable","16":"purchasable","17":"product-type-simple"},"jetpack_sharing_enabled":true,"brands":[],"_links":{"self":[{"href":"https:\/\/imperiodacultura.com.br\/index.php?rest_route=\/wp\/v2\/product\/96","targetHints":{"allow":["GET"]}}],"collection":[{"href":"https:\/\/imperiodacultura.com.br\/index.php?rest_route=\/wp\/v2\/product"}],"about":[{"href":"https:\/\/imperiodacultura.com.br\/index.php?rest_route=\/wp\/v2\/types\/product"}],"replies":[{"embeddable":true,"href":"https:\/\/imperiodacultura.com.br\/index.php?rest_route=%2Fwp%2Fv2%2Fcomments&post=96"}],"version-history":[{"count":1,"href":"https:\/\/imperiodacultura.com.br\/index.php?rest_route=\/wp\/v2\/product\/96\/revisions"}],"predecessor-version":[{"id":254,"href":"https:\/\/imperiodacultura.com.br\/index.php?rest_route=\/wp\/v2\/product\/96\/revisions\/254"}],"wp:featuredmedia":[{"embeddable":true,"href":"https:\/\/imperiodacultura.com.br\/index.php?rest_route=\/wp\/v2\/media\/97"}],"wp:attachment":[{"href":"https:\/\/imperiodacultura.com.br\/index.php?rest_route=%2Fwp%2Fv2%2Fmedia&parent=96"}],"wp:term":[{"taxonomy":"pwb-brand","embeddable":true,"href":"https:\/\/imperiodacultura.com.br\/index.php?rest_route=%2Fwp%2Fv2%2Fpwb-brand&post=96"},{"taxonomy":"product_brand","embeddable":true,"href":"https:\/\/imperiodacultura.com.br\/index.php?rest_route=%2Fwp%2Fv2%2Fproduct_brand&post=96"},{"taxonomy":"product_cat","embeddable":true,"href":"https:\/\/imperiodacultura.com.br\/index.php?rest_route=%2Fwp%2Fv2%2Fproduct_cat&post=96"},{"taxonomy":"product_tag","embeddable":true,"href":"https:\/\/imperiodacultura.com.br\/index.php?rest_route=%2Fwp%2Fv2%2Fproduct_tag&post=96"}],"curies":[{"name":"wp","href":"https:\/\/api.w.org\/{rel}","templated":true}]}}