{"id":88,"date":"2023-06-04T19:41:53","date_gmt":"2023-06-04T22:41:53","guid":{"rendered":"https:\/\/imperiodacultura.com.br\/?post_type=product&#038;p=88"},"modified":"2026-01-07T16:27:31","modified_gmt":"2026-01-07T19:27:31","slug":"oferendas-preferidas-dos-orixas","status":"publish","type":"product","link":"https:\/\/imperiodacultura.com.br\/?product=oferendas-preferidas-dos-orixas","title":{"rendered":"Oferendas Preferidas dos Orix\u00e1s"},"content":{"rendered":"<p><strong><span style=\"vertical-align: inherit;\"><span style=\"vertical-align: inherit;\"><span style=\"vertical-align: inherit;\"><span style=\"vertical-align: inherit;\">Oferendas Preferidas dos Orix\u00e1s<\/span><\/span><\/span><\/span><\/strong><span style=\"vertical-align: inherit;\"><span style=\"vertical-align: inherit;\"><span style=\"vertical-align: inherit;\"><span style=\"vertical-align: inherit;\"> \u00a0relacionadas especificamente muitas receitas de oferendas e como prepar\u00e1-las para cada orix\u00e1. S\u00e3o mais de 110 receitas de oferendas, para todos os orix\u00e1s e todas as especifica\u00e7\u00f5es.<\/span><\/span><\/span><\/span><img fetchpriority=\"high\" decoding=\"async\" class=\"alignnone size-medium wp-image-89\" src=\"http:\/\/imperiodacultura-com-br.preview-domain.com\/wp-content\/uploads\/2023\/06\/oferendas_preferidas_dos_orix_s-250x300.jpg\" alt=\"\" width=\"250\" height=\"300\" srcset=\"https:\/\/imperiodacultura.com.br\/wp-content\/uploads\/2023\/06\/oferendas_preferidas_dos_orix_s-250x300.jpg 250w, https:\/\/imperiodacultura.com.br\/wp-content\/uploads\/2023\/06\/oferendas_preferidas_dos_orix_s-300x360.jpg 300w, https:\/\/imperiodacultura.com.br\/wp-content\/uploads\/2023\/06\/oferendas_preferidas_dos_orix_s.jpg 500w\" sizes=\"(max-width: 250px) 100vw, 250px\" \/><\/p>\n","protected":false},"excerpt":{"rendered":"<p>Oferendas Preferidas dos Orix\u00e1s \u00a0relacionadas especificamente muitas receitas de oferendas e como prepar\u00e1-las para cada orix\u00e1. S\u00e3o mais de 110 receitas de oferendas, para todos os orix\u00e1s e todas as especifica\u00e7\u00f5es.<\/p>\n","protected":false},"featured_media":89,"comment_status":"open","ping_status":"closed","template":"","meta":[],"pwb-brand":[],"product_brand":[],"product_cat":[70],"product_tag":[22,36,18,34,29,28,35,27,42,30,23,20,25,32,33],"class_list":{"0":"post-88","1":"product","2":"type-product","3":"status-publish","4":"has-post-thumbnail","6":"product_cat-candomble","7":"product_tag-amor","8":"product_tag-buzios","9":"product_tag-candomble","10":"product_tag-dinheiro","11":"product_tag-exu-orixas","12":"product_tag-feiticos","13":"product_tag-magias","14":"product_tag-odus","15":"product_tag-oferenda","16":"product_tag-rezas","17":"product_tag-saude","18":"product_tag-trabalho","19":"product_tag-umbanda","20":"product_tag-uniao","21":"product_tag-yoruba","23":"first","24":"instock","25":"sale","26":"shipping-taxable","27":"purchasable","28":"product-type-simple"},"jetpack_sharing_enabled":true,"brands":[],"_links":{"self":[{"href":"https:\/\/imperiodacultura.com.br\/index.php?rest_route=\/wp\/v2\/product\/88","targetHints":{"allow":["GET"]}}],"collection":[{"href":"https:\/\/imperiodacultura.com.br\/index.php?rest_route=\/wp\/v2\/product"}],"about":[{"href":"https:\/\/imperiodacultura.com.br\/index.php?rest_route=\/wp\/v2\/types\/product"}],"replies":[{"embeddable":true,"href":"https:\/\/imperiodacultura.com.br\/index.php?rest_route=%2Fwp%2Fv2%2Fcomments&post=88"}],"version-history":[{"count":4,"href":"https:\/\/imperiodacultura.com.br\/index.php?rest_route=\/wp\/v2\/product\/88\/revisions"}],"predecessor-version":[{"id":301,"href":"https:\/\/imperiodacultura.com.br\/index.php?rest_route=\/wp\/v2\/product\/88\/revisions\/301"}],"wp:featuredmedia":[{"embeddable":true,"href":"https:\/\/imperiodacultura.com.br\/index.php?rest_route=\/wp\/v2\/media\/89"}],"wp:attachment":[{"href":"https:\/\/imperiodacultura.com.br\/index.php?rest_route=%2Fwp%2Fv2%2Fmedia&parent=88"}],"wp:term":[{"taxonomy":"pwb-brand","embeddable":true,"href":"https:\/\/imperiodacultura.com.br\/index.php?rest_route=%2Fwp%2Fv2%2Fpwb-brand&post=88"},{"taxonomy":"product_brand","embeddable":true,"href":"https:\/\/imperiodacultura.com.br\/index.php?rest_route=%2Fwp%2Fv2%2Fproduct_brand&post=88"},{"taxonomy":"product_cat","embeddable":true,"href":"https:\/\/imperiodacultura.com.br\/index.php?rest_route=%2Fwp%2Fv2%2Fproduct_cat&post=88"},{"taxonomy":"product_tag","embeddable":true,"href":"https:\/\/imperiodacultura.com.br\/index.php?rest_route=%2Fwp%2Fv2%2Fproduct_tag&post=88"}],"curies":[{"name":"wp","href":"https:\/\/api.w.org\/{rel}","templated":true}]}}