{"id":66,"date":"2023-06-04T18:55:37","date_gmt":"2023-06-04T21:55:37","guid":{"rendered":"https:\/\/imperiodacultura.com.br\/?post_type=product&#038;p=66"},"modified":"2026-03-05T01:42:16","modified_gmt":"2026-03-05T04:42:16","slug":"culto-aos-egunguns-e-ritual-de-axexe","status":"publish","type":"product","link":"https:\/\/imperiodacultura.com.br\/?product=culto-aos-egunguns-e-ritual-de-axexe","title":{"rendered":"Culto aos Egunguns e Ritual de Axex\u00ea"},"content":{"rendered":"<p><span style=\"vertical-align: inherit;\"><span style=\"vertical-align: inherit;\"><span style=\"vertical-align: inherit;\"><span style=\"vertical-align: inherit;\">O Egun \u00e9 a morte que volta \u00e0 terra em forma espiritual e vis\u00edvel aos olhos dos vivos. Ele &#8220;nasce&#8221; atrav\u00e9s de ritos que sua comunidade elabora e pelas m\u00e3os dos oj\u00e9(sacerdotes) munidos de um instrumento invocat\u00f3rio, um bast\u00e3o chamado ixan, que, quando tocado na terra por tr\u00eas vezes e acompanhado de palavras e gestos rituais, faz com que a &#8220;morte se torna vida&#8221;, e o ancestral Egungun individualizado est\u00e1 de novo &#8220;vivo&#8221;.<\/span><\/span><\/span><\/span><img fetchpriority=\"high\" decoding=\"async\" class=\"alignnone size-medium wp-image-67\" src=\"http:\/\/imperiodacultura-com-br.preview-domain.com\/wp-content\/uploads\/2023\/06\/11542097_645409158927971_600863472756078535_n-300x300.jpg\" alt=\"\" width=\"300\" height=\"300\" srcset=\"https:\/\/imperiodacultura.com.br\/wp-content\/uploads\/2023\/06\/11542097_645409158927971_600863472756078535_n-300x300.jpg 300w, https:\/\/imperiodacultura.com.br\/wp-content\/uploads\/2023\/06\/11542097_645409158927971_600863472756078535_n-100x100.jpg 100w, https:\/\/imperiodacultura.com.br\/wp-content\/uploads\/2023\/06\/11542097_645409158927971_600863472756078535_n-150x150.jpg 150w, https:\/\/imperiodacultura.com.br\/wp-content\/uploads\/2023\/06\/11542097_645409158927971_600863472756078535_n-350x350.jpg 350w, https:\/\/imperiodacultura.com.br\/wp-content\/uploads\/2023\/06\/11542097_645409158927971_600863472756078535_n.jpg 500w\" sizes=\"(max-width: 300px) 100vw, 300px\" \/><\/p>\n","protected":false},"excerpt":{"rendered":"<p>O Egun \u00e9 a morte que volta \u00e0 terra em forma espiritual e vis\u00edvel aos olhos dos vivos. Ele &#8220;nasce&#8221; atrav\u00e9s de ritos que sua comunidade elabora e pelas m\u00e3os dos oj\u00e9(sacerdotes) munidos de um instrumento invocat\u00f3rio, um bast\u00e3o chamado ixan, que, quando tocado na terra por tr\u00eas vezes e acompanhado de palavras e gestos rituais, faz com que a &#8220;morte se torna vida&#8221;, e o ancestral Egungun individualizado est\u00e1 de novo &#8220;vivo&#8221;.<\/p>\n","protected":false},"featured_media":67,"comment_status":"open","ping_status":"closed","template":"","meta":[],"pwb-brand":[],"product_brand":[],"product_cat":[70],"product_tag":[22,18,29,28,27,30,23,20,25,32,33],"class_list":{"0":"post-66","1":"product","2":"type-product","3":"status-publish","4":"has-post-thumbnail","6":"product_cat-candomble","7":"product_tag-amor","8":"product_tag-candomble","9":"product_tag-exu-orixas","10":"product_tag-feiticos","11":"product_tag-odus","12":"product_tag-rezas","13":"product_tag-saude","14":"product_tag-trabalho","15":"product_tag-umbanda","16":"product_tag-uniao","17":"product_tag-yoruba","19":"first","20":"instock","21":"sale","22":"shipping-taxable","23":"purchasable","24":"product-type-simple"},"jetpack_sharing_enabled":true,"brands":[],"_links":{"self":[{"href":"https:\/\/imperiodacultura.com.br\/index.php?rest_route=\/wp\/v2\/product\/66","targetHints":{"allow":["GET"]}}],"collection":[{"href":"https:\/\/imperiodacultura.com.br\/index.php?rest_route=\/wp\/v2\/product"}],"about":[{"href":"https:\/\/imperiodacultura.com.br\/index.php?rest_route=\/wp\/v2\/types\/product"}],"replies":[{"embeddable":true,"href":"https:\/\/imperiodacultura.com.br\/index.php?rest_route=%2Fwp%2Fv2%2Fcomments&post=66"}],"version-history":[{"count":3,"href":"https:\/\/imperiodacultura.com.br\/index.php?rest_route=\/wp\/v2\/product\/66\/revisions"}],"predecessor-version":[{"id":307,"href":"https:\/\/imperiodacultura.com.br\/index.php?rest_route=\/wp\/v2\/product\/66\/revisions\/307"}],"wp:featuredmedia":[{"embeddable":true,"href":"https:\/\/imperiodacultura.com.br\/index.php?rest_route=\/wp\/v2\/media\/67"}],"wp:attachment":[{"href":"https:\/\/imperiodacultura.com.br\/index.php?rest_route=%2Fwp%2Fv2%2Fmedia&parent=66"}],"wp:term":[{"taxonomy":"pwb-brand","embeddable":true,"href":"https:\/\/imperiodacultura.com.br\/index.php?rest_route=%2Fwp%2Fv2%2Fpwb-brand&post=66"},{"taxonomy":"product_brand","embeddable":true,"href":"https:\/\/imperiodacultura.com.br\/index.php?rest_route=%2Fwp%2Fv2%2Fproduct_brand&post=66"},{"taxonomy":"product_cat","embeddable":true,"href":"https:\/\/imperiodacultura.com.br\/index.php?rest_route=%2Fwp%2Fv2%2Fproduct_cat&post=66"},{"taxonomy":"product_tag","embeddable":true,"href":"https:\/\/imperiodacultura.com.br\/index.php?rest_route=%2Fwp%2Fv2%2Fproduct_tag&post=66"}],"curies":[{"name":"wp","href":"https:\/\/api.w.org\/{rel}","templated":true}]}}