{"id":140,"date":"2023-06-05T18:20:22","date_gmt":"2023-06-05T21:20:22","guid":{"rendered":"https:\/\/imperiodacultura.com.br\/?post_type=product&#038;p=140"},"modified":"2023-06-28T08:56:58","modified_gmt":"2023-06-28T11:56:58","slug":"como-redigir-cartas-inteligentes","status":"publish","type":"product","link":"https:\/\/imperiodacultura.com.br\/?product=como-redigir-cartas-inteligentes","title":{"rendered":"Como Redigir Cartas Inteligentes"},"content":{"rendered":"<p>Como Redigir Cartas Inteligentes \u00e9 um livro recheado de t\u00e9cnicas de reda\u00e7\u00e3o e regras essenciais para elabora\u00e7\u00e3o de cartas, reda\u00e7\u00f5es e ducume<img fetchpriority=\"high\" decoding=\"async\" class=\"alignnone size-medium wp-image-141\" src=\"http:\/\/imperiodacultura.com.br\/wp-content\/uploads\/2023\/06\/como_redigir_cartas_inteligentes-250x300.jpg\" alt=\"\" width=\"250\" height=\"300\" srcset=\"https:\/\/imperiodacultura.com.br\/wp-content\/uploads\/2023\/06\/como_redigir_cartas_inteligentes-250x300.jpg 250w, https:\/\/imperiodacultura.com.br\/wp-content\/uploads\/2023\/06\/como_redigir_cartas_inteligentes-300x360.jpg 300w, https:\/\/imperiodacultura.com.br\/wp-content\/uploads\/2023\/06\/como_redigir_cartas_inteligentes.jpg 500w\" sizes=\"(max-width: 250px) 100vw, 250px\" \/>netos diversos.<\/p>\n","protected":false},"excerpt":{"rendered":"<p>Como Redigir Cartas Inteligentes \u00e9 um livro recheado de t\u00e9cnicas de reda\u00e7\u00e3o e regras essenciais para elabora\u00e7\u00e3o de cartas, reda\u00e7\u00f5es e ducumenetos diversos.<\/p>\n","protected":false},"featured_media":141,"comment_status":"open","ping_status":"closed","template":"","meta":[],"pwb-brand":[],"product_brand":[],"product_cat":[75],"product_tag":[78,76,77],"class_list":{"0":"post-140","1":"product","2":"type-product","3":"status-publish","4":"has-post-thumbnail","6":"product_cat-numerologia","7":"product_tag-cartas","8":"product_tag-redacao","9":"product_tag-regras","11":"first","12":"instock","13":"shipping-taxable","14":"purchasable","15":"product-type-simple"},"jetpack_sharing_enabled":true,"brands":[],"_links":{"self":[{"href":"https:\/\/imperiodacultura.com.br\/index.php?rest_route=\/wp\/v2\/product\/140","targetHints":{"allow":["GET"]}}],"collection":[{"href":"https:\/\/imperiodacultura.com.br\/index.php?rest_route=\/wp\/v2\/product"}],"about":[{"href":"https:\/\/imperiodacultura.com.br\/index.php?rest_route=\/wp\/v2\/types\/product"}],"replies":[{"embeddable":true,"href":"https:\/\/imperiodacultura.com.br\/index.php?rest_route=%2Fwp%2Fv2%2Fcomments&post=140"}],"version-history":[{"count":0,"href":"https:\/\/imperiodacultura.com.br\/index.php?rest_route=\/wp\/v2\/product\/140\/revisions"}],"wp:featuredmedia":[{"embeddable":true,"href":"https:\/\/imperiodacultura.com.br\/index.php?rest_route=\/wp\/v2\/media\/141"}],"wp:attachment":[{"href":"https:\/\/imperiodacultura.com.br\/index.php?rest_route=%2Fwp%2Fv2%2Fmedia&parent=140"}],"wp:term":[{"taxonomy":"pwb-brand","embeddable":true,"href":"https:\/\/imperiodacultura.com.br\/index.php?rest_route=%2Fwp%2Fv2%2Fpwb-brand&post=140"},{"taxonomy":"product_brand","embeddable":true,"href":"https:\/\/imperiodacultura.com.br\/index.php?rest_route=%2Fwp%2Fv2%2Fproduct_brand&post=140"},{"taxonomy":"product_cat","embeddable":true,"href":"https:\/\/imperiodacultura.com.br\/index.php?rest_route=%2Fwp%2Fv2%2Fproduct_cat&post=140"},{"taxonomy":"product_tag","embeddable":true,"href":"https:\/\/imperiodacultura.com.br\/index.php?rest_route=%2Fwp%2Fv2%2Fproduct_tag&post=140"}],"curies":[{"name":"wp","href":"https:\/\/api.w.org\/{rel}","templated":true}]}}