{"id":112,"date":"2023-06-04T20:47:04","date_gmt":"2023-06-04T23:47:04","guid":{"rendered":"https:\/\/imperiodacultura.com.br\/?post_type=product&#038;p=112"},"modified":"2023-08-20T19:10:11","modified_gmt":"2023-08-20T22:10:11","slug":"amor-e-perigo-ocultos-na-noite","status":"publish","type":"product","link":"https:\/\/imperiodacultura.com.br\/?product=amor-e-perigo-ocultos-na-noite","title":{"rendered":"Amor e Perigo Ocultos na Noite"},"content":{"rendered":"<p><strong>Amor e Perigo Ocultos na Noite<\/strong>\u00a0\u00e9 uma hist\u00f3ria de amor clara e cristalina, como a \u00e1gua corrente. Pura, divertida, curiosa e po\u00e9tica, que revela em dois jovens apaixonados uma sinceridade crua, por\u00e9m obscura mas sempre temperada de profundo amor.<img fetchpriority=\"high\" decoding=\"async\" class=\"alignnone size-medium wp-image-113\" src=\"http:\/\/imperiodacultura-com-br.preview-domain.com\/wp-content\/uploads\/2023\/06\/amor_e_perigo_ocultos_na_noite-250x300.jpg\" alt=\"\" width=\"250\" height=\"300\" srcset=\"https:\/\/imperiodacultura.com.br\/wp-content\/uploads\/2023\/06\/amor_e_perigo_ocultos_na_noite-250x300.jpg 250w, https:\/\/imperiodacultura.com.br\/wp-content\/uploads\/2023\/06\/amor_e_perigo_ocultos_na_noite-300x360.jpg 300w, https:\/\/imperiodacultura.com.br\/wp-content\/uploads\/2023\/06\/amor_e_perigo_ocultos_na_noite.jpg 500w\" sizes=\"(max-width: 250px) 100vw, 250px\" \/><\/p>\n","protected":false},"excerpt":{"rendered":"<p>Amor e Perigo Ocultos na Noite\u00a0\u00e9 uma hist\u00f3ria de amor clara e cristalina, como a \u00e1gua corrente. Pura, divertida, curiosa e po\u00e9tica, que revela em dois jovens apaixonados uma sinceridade crua, por\u00e9m obscura mas sempre temperada de profundo amor.<\/p>\n","protected":false},"featured_media":113,"comment_status":"open","ping_status":"closed","template":"","meta":[],"pwb-brand":[],"product_brand":[],"product_cat":[72],"product_tag":[22,55,54,53,52,44],"class_list":{"0":"post-112","1":"product","2":"type-product","3":"status-publish","4":"has-post-thumbnail","6":"product_cat-auto-ajuda","7":"product_tag-amor","8":"product_tag-auto-ajuda","9":"product_tag-contos","10":"product_tag-coracao","11":"product_tag-poesias","12":"product_tag-reflexoes","14":"first","15":"instock","16":"shipping-taxable","17":"purchasable","18":"product-type-simple"},"jetpack_sharing_enabled":true,"brands":[],"_links":{"self":[{"href":"https:\/\/imperiodacultura.com.br\/index.php?rest_route=\/wp\/v2\/product\/112","targetHints":{"allow":["GET"]}}],"collection":[{"href":"https:\/\/imperiodacultura.com.br\/index.php?rest_route=\/wp\/v2\/product"}],"about":[{"href":"https:\/\/imperiodacultura.com.br\/index.php?rest_route=\/wp\/v2\/types\/product"}],"replies":[{"embeddable":true,"href":"https:\/\/imperiodacultura.com.br\/index.php?rest_route=%2Fwp%2Fv2%2Fcomments&post=112"}],"version-history":[{"count":1,"href":"https:\/\/imperiodacultura.com.br\/index.php?rest_route=\/wp\/v2\/product\/112\/revisions"}],"predecessor-version":[{"id":247,"href":"https:\/\/imperiodacultura.com.br\/index.php?rest_route=\/wp\/v2\/product\/112\/revisions\/247"}],"wp:featuredmedia":[{"embeddable":true,"href":"https:\/\/imperiodacultura.com.br\/index.php?rest_route=\/wp\/v2\/media\/113"}],"wp:attachment":[{"href":"https:\/\/imperiodacultura.com.br\/index.php?rest_route=%2Fwp%2Fv2%2Fmedia&parent=112"}],"wp:term":[{"taxonomy":"pwb-brand","embeddable":true,"href":"https:\/\/imperiodacultura.com.br\/index.php?rest_route=%2Fwp%2Fv2%2Fpwb-brand&post=112"},{"taxonomy":"product_brand","embeddable":true,"href":"https:\/\/imperiodacultura.com.br\/index.php?rest_route=%2Fwp%2Fv2%2Fproduct_brand&post=112"},{"taxonomy":"product_cat","embeddable":true,"href":"https:\/\/imperiodacultura.com.br\/index.php?rest_route=%2Fwp%2Fv2%2Fproduct_cat&post=112"},{"taxonomy":"product_tag","embeddable":true,"href":"https:\/\/imperiodacultura.com.br\/index.php?rest_route=%2Fwp%2Fv2%2Fproduct_tag&post=112"}],"curies":[{"name":"wp","href":"https:\/\/api.w.org\/{rel}","templated":true}]}}