{"id":100,"date":"2023-06-04T20:28:31","date_gmt":"2023-06-04T23:28:31","guid":{"rendered":"https:\/\/imperiodacultura.com.br\/?post_type=product&#038;p=100"},"modified":"2026-01-07T16:23:26","modified_gmt":"2026-01-07T19:23:26","slug":"encontre-seu-anjo","status":"publish","type":"product","link":"https:\/\/imperiodacultura.com.br\/?product=encontre-seu-anjo","title":{"rendered":"Encontre seu Anjo"},"content":{"rendered":"<p><strong>Encontre seu anjo\u00a0<\/strong>relaciona o nome de cada anjo de acordo com a data do nascimento, caracter\u00edsticas, comportamentos e influ\u00eancia. Ensina como atra\u00ed-los atrav\u00e9s do seu incenso, cristal, vela, cor, perfume e o dia da semana.<img fetchpriority=\"high\" decoding=\"async\" class=\"alignnone size-medium wp-image-101\" src=\"http:\/\/imperiodacultura-com-br.preview-domain.com\/wp-content\/uploads\/2023\/06\/encontre_seu_anjo-250x300.jpg\" alt=\"\" width=\"250\" height=\"300\" srcset=\"https:\/\/imperiodacultura.com.br\/wp-content\/uploads\/2023\/06\/encontre_seu_anjo-250x300.jpg 250w, https:\/\/imperiodacultura.com.br\/wp-content\/uploads\/2023\/06\/encontre_seu_anjo-300x360.jpg 300w, https:\/\/imperiodacultura.com.br\/wp-content\/uploads\/2023\/06\/encontre_seu_anjo.jpg 500w\" sizes=\"(max-width: 250px) 100vw, 250px\" \/><\/p>\n","protected":false},"excerpt":{"rendered":"<p>Encontre seu anjo\u00a0relaciona o nome de cada anjo de acordo com a data do nascimento, caracter\u00edsticas, comportamentos e influ\u00eancia. Ensina como atra\u00ed-los atrav\u00e9s do seu incenso, cristal, vela, cor, perfume e o dia da semana.<\/p>\n","protected":false},"featured_media":101,"comment_status":"open","ping_status":"closed","template":"","meta":[],"pwb-brand":[],"product_brand":[],"product_cat":[72],"product_tag":[56],"class_list":{"0":"post-100","1":"product","2":"type-product","3":"status-publish","4":"has-post-thumbnail","6":"product_cat-auto-ajuda","7":"product_tag-anjo","9":"first","10":"instock","11":"shipping-taxable","12":"purchasable","13":"product-type-simple"},"jetpack_sharing_enabled":true,"brands":[],"_links":{"self":[{"href":"https:\/\/imperiodacultura.com.br\/index.php?rest_route=\/wp\/v2\/product\/100","targetHints":{"allow":["GET"]}}],"collection":[{"href":"https:\/\/imperiodacultura.com.br\/index.php?rest_route=\/wp\/v2\/product"}],"about":[{"href":"https:\/\/imperiodacultura.com.br\/index.php?rest_route=\/wp\/v2\/types\/product"}],"replies":[{"embeddable":true,"href":"https:\/\/imperiodacultura.com.br\/index.php?rest_route=%2Fwp%2Fv2%2Fcomments&post=100"}],"version-history":[{"count":1,"href":"https:\/\/imperiodacultura.com.br\/index.php?rest_route=\/wp\/v2\/product\/100\/revisions"}],"predecessor-version":[{"id":252,"href":"https:\/\/imperiodacultura.com.br\/index.php?rest_route=\/wp\/v2\/product\/100\/revisions\/252"}],"wp:featuredmedia":[{"embeddable":true,"href":"https:\/\/imperiodacultura.com.br\/index.php?rest_route=\/wp\/v2\/media\/101"}],"wp:attachment":[{"href":"https:\/\/imperiodacultura.com.br\/index.php?rest_route=%2Fwp%2Fv2%2Fmedia&parent=100"}],"wp:term":[{"taxonomy":"pwb-brand","embeddable":true,"href":"https:\/\/imperiodacultura.com.br\/index.php?rest_route=%2Fwp%2Fv2%2Fpwb-brand&post=100"},{"taxonomy":"product_brand","embeddable":true,"href":"https:\/\/imperiodacultura.com.br\/index.php?rest_route=%2Fwp%2Fv2%2Fproduct_brand&post=100"},{"taxonomy":"product_cat","embeddable":true,"href":"https:\/\/imperiodacultura.com.br\/index.php?rest_route=%2Fwp%2Fv2%2Fproduct_cat&post=100"},{"taxonomy":"product_tag","embeddable":true,"href":"https:\/\/imperiodacultura.com.br\/index.php?rest_route=%2Fwp%2Fv2%2Fproduct_tag&post=100"}],"curies":[{"name":"wp","href":"https:\/\/api.w.org\/{rel}","templated":true}]}}